{"id":1036,"date":"2020-01-15T13:54:25","date_gmt":"2020-01-15T12:54:25","guid":{"rendered":"http:\/\/pgk-przeworsk.pl\/?page_id=1036"},"modified":"2020-01-15T13:54:25","modified_gmt":"2020-01-15T12:54:25","slug":"obowiazek-informacyjny","status":"publish","type":"page","link":"https:\/\/pgk-przeworsk.pl\/?page_id=1036","title":{"rendered":"Obowi\u0105zek informacyjny"},"content":{"rendered":"<h2 style=\"text-align: center;\"><strong>KLAUZULA INFORMACYJNA O PRZETWARZANIU DANYCH OSOBOWYCH<br \/>\nW ZAM\u00d3WIENIACH PUBLICZNYCH<\/strong><\/h2>\n<p><strong>\u00a0<\/strong><\/p>\n<p>W zwi\u0105zku z realizacj\u0105 wymog\u00f3w Rozporz\u0105dzenia Parlamentu Europejskiego i Rady (UE) 2016\/679 z dnia 27 kwietnia 2016 r. w\u00a0sprawie ochrony os\u00f3b fizycznych w zwi\u0105zku z przetwarzaniem danych osobowych i\u00a0w\u00a0sprawie swobodnego przep\u0142ywu takich danych oraz uchylenia dyrektywy 95\/46\/WE (og\u00f3lne rozporz\u0105dzenie o ochronie danych \u201eRODO\u201d), informujemy o zasadach przetwarzania Pani\/Pana danych osobowych oraz o\u00a0przys\u0142uguj\u0105cych Pani\/Panu prawach z tym zwi\u0105zanych.<\/p>\n<p>Poni\u017csze zasady stosuje si\u0119 pocz\u0105wszy od 25 maja 2018 roku.<\/p>\n<ol>\n<li>Administratorem Pani\/Pana danych osobowych przetwarzanych w ramach zam\u00f3wienia publicznego jest Zamawiaj\u0105cy, tj. Przeworska Gospodarka Komunalna sp. z o.o. z siedzib\u0105 przy placu Mickiewicza 8, 37-200 Przeworsk<\/li>\n<li>Je\u015bli ma Pani\/Pan pytania dotycz\u0105ce sposobu i zakresu przetwarzania Pani\/Pana danych osobowych w\u00a0zwi\u0105zku z udzieleniem lub wykonywaniem zam\u00f3wienia publicznego, a tak\u017ce przys\u0142uguj\u0105cych Pani\/Panu uprawnie\u0144, mo\u017ce si\u0119 Pani\/Pan skontaktowa\u0107 z powo\u0142anym Inspektorem Ochrony Danych Osobowych za pomoc\u0105 adresu\u00a0: <u>iod@pgk-przeworsk.pl<\/u><\/li>\n<li>Pani\/Pana dane osobowe przetwarzane b\u0119d\u0105 na podstawie art. 6 ust. 1 lit. c RODO w celu zwi\u0105zanym z\u00a0post\u0119powaniem o udzielenie zam\u00f3wienia publicznego.<\/li>\n<li>Pani\/Pana dane osobowe przetwarzane s\u0105 w celu wype\u0142nienia obowi\u0105zk\u00f3w prawnych ci\u0105\u017c\u0105cych na Przeworskiej Gospodarce Komunalnej sp. z o.o. w zwi\u0105zku z udzieleniem zam\u00f3wienia publicznego w\u00a0wybranym przez Zamawiaj\u0105cego trybie post\u0119powania;<\/li>\n<li>W zwi\u0105zku z przetwarzaniem danych w celach o kt\u00f3rych mowa w pkt 4 odbiorcami Pani\/Pana danych osobowych mog\u0105 by\u0107 podmioty, kt\u00f3re na podstawie stosownych um\u00f3w zawartych z Zamawiaj\u0105cym przetwarzaj\u0105 dane osobowe dla kt\u00f3rych Administratorem jest Zamawiaj\u0105cy lub podmioty uprawnione do posiadania statusu odbiorcy na podstawie obowi\u0105zuj\u0105cych przepis\u00f3w prawa.<\/li>\n<li>Pani\/Pana dane osobowe b\u0119d\u0105 przechowywane przez okres niezb\u0119dny do realizacji cel\u00f3w okre\u015blonych w pkt 4, a po tym czasie przez okres oraz w zakresie wymaganym przez przepisy powszechnie obowi\u0105zuj\u0105cego prawa, tj. przepisy ustawy z dnia 14 lipca 1983 r. o narodowym zasobie archiwalnym i archiwach oraz aktach wykonawczych do tej ustawy.<\/li>\n<li>Obowi\u0105zek podania przez Pani\u0105\/Pana danych osobowych bezpo\u015brednio Pani\/Pana dotycz\u0105cych jest wymogiem ustawowym okre\u015blonym w przepisach ustawy Prawo zam\u00f3wie\u0144 publicznych, zwi\u0105zanym z\u00a0udzia\u0142em w post\u0119powaniu o udzielenie zam\u00f3wienia publicznego; konsekwencje niepodania okre\u015blonych danych wynikaj\u0105 bezpo\u015brednio z tej ustawy.<\/li>\n<li>W zwi\u0105zku z przetwarzaniem Pani\/Pana danych osobowych przys\u0142uguj\u0105 Pani\/Panu nast\u0119puj\u0105ce uprawnienia:\n<ul>\n<li>prawo dost\u0119pu do danych osobowych, w tym prawo do uzyskania kopii tych danych;<\/li>\n<li>prawo do \u017c\u0105dania sprostowania (poprawiania) danych osobowych \u2013 w przypadku gdy dane s\u0105 nieprawid\u0142owe lub niekompletne;<\/li>\n<li>prawo do \u017c\u0105dania ograniczenia przetwarzania danych osobowych \u2013 w przypadku, gdy:\n<ul>\n<li>osoba, kt\u00f3rej dane dotycz\u0105 kwestionuje prawid\u0142owo\u015b\u0107 danych osobowych,<\/li>\n<li>przetwarzanie danych jest niezgodne z prawem, a osoba, kt\u00f3rej dane dotycz\u0105, sprzeciwia si\u0119 usuni\u0119ciu danych, \u017c\u0105daj\u0105c w zamian ich ograniczenia,<\/li>\n<li>Administrator nie potrzebuje ju\u017c danych dla swoich cel\u00f3w, ale osoba, kt\u00f3rej dane dotycz\u0105, potrzebuje ich do ustalenia, obrony lub dochodzenia roszcze\u0144,<\/li>\n<li>osoba, kt\u00f3rej dane dotycz\u0105, wnios\u0142a sprzeciw wobec przetwarzania danych, do czasu ustalenia czy prawnie uzasadnione podstawy po stronie administratora s\u0105 nadrz\u0119dne wobec podstawy sprzeciwu;<\/li>\n<li>przetwarzanie odbywa si\u0119 w spos\u00f3b zautomatyzowany.<\/li>\n<\/ul>\n<\/li>\n<\/ul>\n<\/li>\n<\/ol>\n<ol start=\"9\">\n<li>nie przys\u0142uguje Pani\/Panu:\n<ul>\n<li>w zwi\u0105zku z art. 17 ust. 3 lit. b, d lub e RODO prawo do usuni\u0119cia danych osobowych;<\/li>\n<li>prawo do przenoszenia danych osobowych, o kt\u00f3rym mowa w art. 20 RODO;<\/li>\n<li>na podstawie art. 21 RODO prawo sprzeciwu, wobec przetwarzania danych osobowych, gdy\u017c podstaw\u0105 prawn\u0105 przetwarzania Pani\/Pana danych osobowych jest art. 6 ust. 1 lit. c RODO.<\/li>\n<\/ul>\n<\/li>\n<li>W przypadku powzi\u0119cia informacji o niezgodnym z prawem przetwarzaniu przez Przeworsk\u0105 Gospodark\u0119 Komunaln\u0105 sp. z o.o. Pani\/Pana danych osobowych, przys\u0142uguje Pani\/Panu prawo wniesienia skargi do organu nadzorczego w\u0142a\u015bciwego w sprawach ochrony danych osobowych.<\/li>\n<li>W sytuacji, gdy przetwarzanie danych osobowych odbywa si\u0119 na podstawie zgody osoby, kt\u00f3rej dane dotycz\u0105, podanie przez Pani\u0105\/Pana danych osobowych Administratorowi ma charakter dobrowolny.<\/li>\n<li>Pani\/Pana dane nie b\u0119d\u0105 przetwarzane w spos\u00f3b zautomatyzowany i nie b\u0119d\u0105 profilowane.<\/li>\n<\/ol>\n<p>&nbsp;<\/p>\n","protected":false},"excerpt":{"rendered":"<p>KLAUZULA INFORMACYJNA O PRZETWARZANIU DANYCH OSOBOWYCH W ZAM\u00d3WIENIACH PUBLICZNYCH \u00a0 W zwi\u0105zku z realizacj\u0105 wymog\u00f3w Rozporz\u0105dzenia Parlamentu Europejskiego i Rady (UE) 2016\/679 z dnia 27 kwietnia 2016 r. w\u00a0sprawie ochrony os\u00f3b fizycznych w zwi\u0105zku z przetwarzaniem danych osobowych i\u00a0w\u00a0sprawie swobodnego przep\u0142ywu takich danych oraz uchylenia dyrektywy 95\/46\/WE (og\u00f3lne rozporz\u0105dzenie o ochronie danych \u201eRODO\u201d), informujemy o &hellip; <\/p>\n<p><a class=\"more-link block-button\" href=\"https:\/\/pgk-przeworsk.pl\/?page_id=1036\">Kontynuuj czytanie &raquo;<\/a><\/p>\n","protected":false},"author":1,"featured_media":0,"parent":11,"menu_order":5,"comment_status":"closed","ping_status":"closed","template":"","meta":{"footnotes":""},"class_list":["post-1036","page","type-page","status-publish","hentry","nodate"],"_links":{"self":[{"href":"https:\/\/pgk-przeworsk.pl\/index.php?rest_route=\/wp\/v2\/pages\/1036","targetHints":{"allow":["GET"]}}],"collection":[{"href":"https:\/\/pgk-przeworsk.pl\/index.php?rest_route=\/wp\/v2\/pages"}],"about":[{"href":"https:\/\/pgk-przeworsk.pl\/index.php?rest_route=\/wp\/v2\/types\/page"}],"author":[{"embeddable":true,"href":"https:\/\/pgk-przeworsk.pl\/index.php?rest_route=\/wp\/v2\/users\/1"}],"replies":[{"embeddable":true,"href":"https:\/\/pgk-przeworsk.pl\/index.php?rest_route=%2Fwp%2Fv2%2Fcomments&post=1036"}],"version-history":[{"count":1,"href":"https:\/\/pgk-przeworsk.pl\/index.php?rest_route=\/wp\/v2\/pages\/1036\/revisions"}],"predecessor-version":[{"id":1037,"href":"https:\/\/pgk-przeworsk.pl\/index.php?rest_route=\/wp\/v2\/pages\/1036\/revisions\/1037"}],"up":[{"embeddable":true,"href":"https:\/\/pgk-przeworsk.pl\/index.php?rest_route=\/wp\/v2\/pages\/11"}],"wp:attachment":[{"href":"https:\/\/pgk-przeworsk.pl\/index.php?rest_route=%2Fwp%2Fv2%2Fmedia&parent=1036"}],"curies":[{"name":"wp","href":"https:\/\/api.w.org\/{rel}","templated":true}]}}